[INFO] cloning repository https://github.com/deverton/rarathon
[INFO] running `Command { std: "git" "-c" "credential.helper=" "-c" "credential.helper=/workspace/cargo-home/bin/git-credential-null" "clone" "--bare" "https://github.com/deverton/rarathon" "/workspace/cache/git-repos/https%3A%2F%2Fgithub.com%2Fdeverton%2Frarathon", kill_on_drop: false }`
[INFO] [stderr] Cloning into bare repository '/workspace/cache/git-repos/https%3A%2F%2Fgithub.com%2Fdeverton%2Frarathon'...
[INFO] running `Command { std: "git" "rev-parse" "HEAD", kill_on_drop: false }`
[INFO] [stdout] 3526e21b47e78a2d370380f269d5528fa8559efd
[INFO] checking deverton/rarathon against try#72f88fc4e9458f89516a0b8b0868f3718aec5b47 for pr-74989
[INFO] running `Command { std: "git" "clone" "/workspace/cache/git-repos/https%3A%2F%2Fgithub.com%2Fdeverton%2Frarathon" "/workspace/builds/worker-4/source", kill_on_drop: false }`
[INFO] [stderr] Cloning into '/workspace/builds/worker-4/source'...
[INFO] [stderr] done.
[INFO] validating manifest of git repo https://github.com/deverton/rarathon on toolchain 72f88fc4e9458f89516a0b8b0868f3718aec5b47
[INFO] running `Command { std: "/workspace/cargo-home/bin/cargo" "+72f88fc4e9458f89516a0b8b0868f3718aec5b47" "read-manifest" "--manifest-path" "Cargo.toml", kill_on_drop: false }`
[INFO] started tweaking git repo https://github.com/deverton/rarathon
[INFO] finished tweaking git repo https://github.com/deverton/rarathon
[INFO] tweaked toml for git repo https://github.com/deverton/rarathon written to /workspace/builds/worker-4/source/Cargo.toml
[INFO] crate git repo https://github.com/deverton/rarathon already has a lockfile, it will not be regenerated
[INFO] running `Command { std: "/workspace/cargo-home/bin/cargo" "+72f88fc4e9458f89516a0b8b0868f3718aec5b47" "fetch" "--locked" "--manifest-path" "Cargo.toml", kill_on_drop: false }`
[INFO] [stderr] error: the lock file /workspace/builds/worker-4/source/Cargo.lock needs to be updated but --locked was passed to prevent this
[INFO] [stderr] If you want to try to generate the lock file without accessing the network, use the --offline flag.
[INFO] the lockfile is outdated, regenerating it
[INFO] running `Command { std: "/workspace/cargo-home/bin/cargo" "+72f88fc4e9458f89516a0b8b0868f3718aec5b47" "generate-lockfile" "--manifest-path" "Cargo.toml" "-Zno-index-update", kill_on_drop: false }`
[INFO] [stderr]     Blocking waiting for file lock on package cache
[INFO] running `Command { std: "/workspace/cargo-home/bin/cargo" "+72f88fc4e9458f89516a0b8b0868f3718aec5b47" "fetch" "--locked" "--manifest-path" "Cargo.toml", kill_on_drop: false }`
[INFO] running `Command { std: "docker" "create" "-v" "/var/lib/crater-agent-workspace/builds/worker-4/target:/opt/rustwide/target:rw,Z" "-v" "/var/lib/crater-agent-workspace/builds/worker-4/source:/opt/rustwide/workdir:ro,Z" "-v" "/var/lib/crater-agent-workspace/cargo-home:/opt/rustwide/cargo-home:ro,Z" "-v" "/var/lib/crater-agent-workspace/rustup-home:/opt/rustwide/rustup-home:ro,Z" "-e" "SOURCE_DIR=/opt/rustwide/workdir" "-e" "CARGO_TARGET_DIR=/opt/rustwide/target" "-e" "CARGO_HOME=/opt/rustwide/cargo-home" "-e" "RUSTUP_HOME=/opt/rustwide/rustup-home" "-w" "/opt/rustwide/workdir" "-m" "1610612736" "--user" "0:0" "--network" "none" "rustops/crates-build-env@sha256:d92eaeed33fa75130ca1ee6c8a01d1ffb62bac859dfdfb3450e3e5d1c0146529" "/opt/rustwide/cargo-home/bin/cargo" "+72f88fc4e9458f89516a0b8b0868f3718aec5b47" "metadata" "--no-deps" "--format-version=1", kill_on_drop: false }`
[INFO] [stdout] 7ce38319a7d5239ed1d6b501476d832e4c96973abe7f1b1e0740d85aa78650a0
[INFO] [stderr] WARNING: Your kernel does not support swap limit capabilities or the cgroup is not mounted. Memory limited without swap.
[INFO] running `Command { std: "docker" "start" "-a" "7ce38319a7d5239ed1d6b501476d832e4c96973abe7f1b1e0740d85aa78650a0", kill_on_drop: false }`
[INFO] running `Command { std: "docker" "inspect" "7ce38319a7d5239ed1d6b501476d832e4c96973abe7f1b1e0740d85aa78650a0", kill_on_drop: false }`
[INFO] running `Command { std: "docker" "rm" "-f" "7ce38319a7d5239ed1d6b501476d832e4c96973abe7f1b1e0740d85aa78650a0", kill_on_drop: false }`
[INFO] [stdout] 7ce38319a7d5239ed1d6b501476d832e4c96973abe7f1b1e0740d85aa78650a0
[INFO] running `Command { std: "docker" "create" "-v" "/var/lib/crater-agent-workspace/builds/worker-4/target:/opt/rustwide/target:rw,Z" "-v" "/var/lib/crater-agent-workspace/builds/worker-4/source:/opt/rustwide/workdir:ro,Z" "-v" "/var/lib/crater-agent-workspace/cargo-home:/opt/rustwide/cargo-home:ro,Z" "-v" "/var/lib/crater-agent-workspace/rustup-home:/opt/rustwide/rustup-home:ro,Z" "-e" "SOURCE_DIR=/opt/rustwide/workdir" "-e" "CARGO_TARGET_DIR=/opt/rustwide/target" "-e" "CARGO_INCREMENTAL=0" "-e" "RUST_BACKTRACE=full" "-e" "RUSTFLAGS=--cap-lints=forbid" "-e" "CARGO_HOME=/opt/rustwide/cargo-home" "-e" "RUSTUP_HOME=/opt/rustwide/rustup-home" "-w" "/opt/rustwide/workdir" "-m" "1610612736" "--user" "0:0" "--network" "none" "rustops/crates-build-env@sha256:d92eaeed33fa75130ca1ee6c8a01d1ffb62bac859dfdfb3450e3e5d1c0146529" "/opt/rustwide/cargo-home/bin/cargo" "+72f88fc4e9458f89516a0b8b0868f3718aec5b47" "check" "--frozen" "--all" "--all-targets" "--message-format=json", kill_on_drop: false }`
[INFO] [stderr] WARNING: Your kernel does not support swap limit capabilities or the cgroup is not mounted. Memory limited without swap.
[INFO] [stdout] 6d86bd046c9d1510e0649a6666b911563d87d16c96ad76520931a7a2567b0548
[INFO] running `Command { std: "docker" "start" "-a" "6d86bd046c9d1510e0649a6666b911563d87d16c96ad76520931a7a2567b0548", kill_on_drop: false }`
[INFO] [stderr]    Compiling libc v0.2.77
[INFO] [stderr]    Compiling log v0.4.11
[INFO] [stderr]    Compiling proc-macro2 v1.0.21
[INFO] [stderr]    Compiling syn v1.0.40
[INFO] [stderr]     Checking bytes v0.5.6
[INFO] [stderr]     Checking futures-core v0.3.5
[INFO] [stderr]    Compiling pin-project-internal v0.4.23
[INFO] [stderr]    Compiling memchr v2.3.3
[INFO] [stderr]    Compiling autocfg v1.0.1
[INFO] [stderr]     Checking slab v0.4.2
[INFO] [stderr]     Checking itoa v0.4.6
[INFO] [stderr]     Checking pin-project-lite v0.1.7
[INFO] [stderr]     Checking futures-task v0.3.5
[INFO] [stderr]     Checking hashbrown v0.9.0
[INFO] [stderr]     Checking tinyvec v0.3.4
[INFO] [stderr]     Checking futures-sink v0.3.5
[INFO] [stderr]     Checking pin-utils v0.1.0
[INFO] [stderr]     Checking try-lock v0.2.3
[INFO] [stderr]     Checking unicode-width v0.1.8
[INFO] [stderr]     Checking percent-encoding v2.1.0
[INFO] [stderr]     Checking tower-service v0.3.0
[INFO] [stderr]     Checking tracing-core v0.1.16
[INFO] [stderr]     Checking futures-channel v0.3.5
[INFO] [stderr]     Checking getopts v0.2.21
[INFO] [stderr]     Checking unicode-normalization v0.1.13
[INFO] [stderr]    Compiling indexmap v1.6.0
[INFO] [stderr]     Checking want v0.3.0
[INFO] [stderr]     Checking http v0.2.1
[INFO] [stderr]     Checking tracing v0.1.19
[INFO] [stderr]    Compiling quote v1.0.7
[INFO] [stderr]     Checking iovec v0.1.4
[INFO] [stderr]     Checking net2 v0.2.35
[INFO] [stderr]     Checking time v0.1.44
[INFO] [stderr]     Checking socket2 v0.3.15
[INFO] [stderr]     Checking mio v0.6.22
[INFO] [stderr]     Checking idna v0.2.0
[INFO] [stderr]     Checking url v2.1.1
[INFO] [stderr]     Checking tokio v0.2.22
[INFO] [stderr]     Checking http-body v0.3.1
[INFO] [stderr]     Checking tokio-util v0.3.1
[INFO] [stderr]     Checking pin-project v0.4.23
[INFO] [stderr]     Checking futures-util v0.3.5
[INFO] [stderr]     Checking h2 v0.2.6
[INFO] [stderr]     Checking hyper v0.13.7
[INFO] [stderr]     Checking rarathon v0.0.2 (/opt/rustwide/workdir)
[INFO] [stdout] error[E0432]: unresolved imports `hyper::header::qitem`, `hyper::header::Accept`, `hyper::header::Authorization`, `hyper::header::Basic`, `hyper::header::ContentType`, `hyper::header::Headers`
[INFO] [stdout]  --> src/client.rs:2:21
[INFO] [stdout]   |
[INFO] [stdout] 2 | use hyper::header::{qitem, Accept, Authorization, Basic, ContentType, Headers};
[INFO] [stdout]   |                     ^^^^^  ^^^^^^  ^^^^^^^^^^^^^  ^^^^^  ^^^^^^^^^^^  ^^^^^^^ no `Headers` in `header`
[INFO] [stdout]   |                     |      |       |              |      |
[INFO] [stdout]   |                     |      |       |              |      no `ContentType` in `header`
[INFO] [stdout]   |                     |      |       |              no `Basic` in `header`
[INFO] [stdout]   |                     |      |       no `Authorization` in `header`
[INFO] [stdout]   |                     |      no `Accept` in `header`
[INFO] [stdout]   |                     no `qitem` in `header`
[INFO] [stdout] 
[INFO] [stdout] 
[INFO] [stdout] error[E0433]: failed to resolve: could not find `mime` in `hyper`
[INFO] [stdout]  --> src/client.rs:4:12
[INFO] [stdout]   |
[INFO] [stdout] 4 | use hyper::mime::TopLevel::Application;
[INFO] [stdout]   |            ^^^^ could not find `mime` in `hyper`
[INFO] [stdout] 
[INFO] [stdout] 
[INFO] [stdout] error[E0433]: failed to resolve: could not find `mime` in `hyper`
[INFO] [stdout]  --> src/client.rs:5:12
[INFO] [stdout]   |
[INFO] [stdout] 5 | use hyper::mime::SubLevel::Json;
[INFO] [stdout]   |            ^^^^ could not find `mime` in `hyper`
[INFO] [stdout] 
[INFO] [stdout] 
[INFO] [stdout] error[E0432]: unresolved import `hyper::mime`
[INFO] [stdout]  --> src/client.rs:3:12
[INFO] [stdout]   |
[INFO] [stdout] 3 | use hyper::mime::Mime;
[INFO] [stdout]   |            ^^^^ could not find `mime` in `hyper`
[INFO] [stdout] 
[INFO] [stdout] 
[INFO] [stdout] error[E0432]: unresolved import `hyper::method`
[INFO] [stdout]  --> src/client.rs:6:12
[INFO] [stdout]   |
[INFO] [stdout] 6 | use hyper::method::Method;
[INFO] [stdout]   |            ^^^^^^ could not find `method` in `hyper`
[INFO] [stdout] 
[INFO] [stdout] 
[INFO] [stdout] error[E0432]: unresolved import `url::UrlParser`
[INFO] [stdout]   --> src/client.rs:10:16
[INFO] [stdout]    |
[INFO] [stdout] 10 | use url::{Url, UrlParser};
[INFO] [stdout]    |                ^^^^^^^^^
[INFO] [stdout]    |                |
[INFO] [stdout]    |                no `UrlParser` in the root
[INFO] [stdout]    |                help: a similar name exists in the module: `Parser`
[INFO] [stdout] 
[INFO] [stdout] 
[INFO] [stdout] error[E0432]: unresolved imports `hyper::header::qitem`, `hyper::header::Accept`, `hyper::header::Authorization`, `hyper::header::Basic`, `hyper::header::ContentType`, `hyper::header::Headers`
[INFO] [stdout]  --> src/client.rs:2:21
[INFO] [stdout]   |
[INFO] [stdout] 2 | use hyper::header::{qitem, Accept, Authorization, Basic, ContentType, Headers};
[INFO] [stdout]   |                     ^^^^^  ^^^^^^  ^^^^^^^^^^^^^  ^^^^^  ^^^^^^^^^^^  ^^^^^^^ no `Headers` in `header`
[INFO] [stdout]   |                     |      |       |              |      |
[INFO] [stdout]   |                     |      |       |              |      no `ContentType` in `header`
[INFO] [stdout]   |                     |      |       |              no `Basic` in `header`
[INFO] [stdout]   |                     |      |       no `Authorization` in `header`
[INFO] [stdout]   |                     |      no `Accept` in `header`
[INFO] [stdout]   |                     no `qitem` in `header`
[INFO] [stdout] 
[INFO] [stdout] 
[INFO] [stdout] error[E0433]: failed to resolve: could not find `mime` in `hyper`
[INFO] [stdout]  --> src/client.rs:4:12
[INFO] [stdout]   |
[INFO] [stdout] 4 | use hyper::mime::TopLevel::Application;
[INFO] [stdout]   |            ^^^^ could not find `mime` in `hyper`
[INFO] [stdout] 
[INFO] [stdout] 
[INFO] [stdout] error[E0433]: failed to resolve: could not find `mime` in `hyper`
[INFO] [stdout]  --> src/client.rs:5:12
[INFO] [stdout]   |
[INFO] [stdout] 5 | use hyper::mime::SubLevel::Json;
[INFO] [stdout]   |            ^^^^ could not find `mime` in `hyper`
[INFO] [stdout] 
[INFO] [stdout] 
[INFO] [stdout] error[E0432]: unresolved import `hyper::mime`
[INFO] [stdout]  --> src/client.rs:3:12
[INFO] [stdout]   |
[INFO] [stdout] 3 | use hyper::mime::Mime;
[INFO] [stdout]   |            ^^^^ could not find `mime` in `hyper`
[INFO] [stdout] 
[INFO] [stdout] 
[INFO] [stdout] error[E0432]: unresolved import `hyper::method`
[INFO] [stdout]  --> src/client.rs:6:12
[INFO] [stdout]   |
[INFO] [stdout] 6 | use hyper::method::Method;
[INFO] [stdout]   |            ^^^^^^ could not find `method` in `hyper`
[INFO] [stdout] 
[INFO] [stdout] 
[INFO] [stdout] error[E0432]: unresolved import `url::UrlParser`
[INFO] [stdout]   --> src/client.rs:10:16
[INFO] [stdout]    |
[INFO] [stdout] 10 | use url::{Url, UrlParser};
[INFO] [stdout]    |                ^^^^^^^^^
[INFO] [stdout]    |                |
[INFO] [stdout]    |                no `UrlParser` in the root
[INFO] [stdout]    |                help: a similar name exists in the module: `Parser`
[INFO] [stdout] 
[INFO] [stdout] 
[INFO] [stdout] error[E0425]: cannot find value `Application` in this scope
[INFO] [stdout]   --> src/client.rs:24:44
[INFO] [stdout]    |
[INFO] [stdout] 24 |         headers.set(Accept(vec![qitem(Mime(Application, Json, vec![]))]));
[INFO] [stdout]    |                                            ^^^^^^^^^^^ not found in this scope
[INFO] [stdout] 
[INFO] [stdout] 
[INFO] [stdout] error[E0425]: cannot find value `Json` in this scope
[INFO] [stdout]   --> src/client.rs:24:57
[INFO] [stdout]    |
[INFO] [stdout] 24 |         headers.set(Accept(vec![qitem(Mime(Application, Json, vec![]))]));
[INFO] [stdout]    |                                                         ^^^^ not found in this scope
[INFO] [stdout] 
[INFO] [stdout] 
[INFO] [stdout] error[E0425]: cannot find value `Application` in this scope
[INFO] [stdout]   --> src/client.rs:25:38
[INFO] [stdout]    |
[INFO] [stdout] 25 |         headers.set(ContentType(Mime(Application, Json, vec![])));
[INFO] [stdout]    |                                      ^^^^^^^^^^^ not found in this scope
[INFO] [stdout] 
[INFO] [stdout] 
[INFO] [stdout] error[E0425]: cannot find value `Json` in this scope
[INFO] [stdout]   --> src/client.rs:25:51
[INFO] [stdout]    |
[INFO] [stdout] 25 |         headers.set(ContentType(Mime(Application, Json, vec![])));
[INFO] [stdout]    |                                                   ^^^^ not found in this scope
[INFO] [stdout] 
[INFO] [stdout] 
[INFO] [stdout] warning: use of deprecated macro `try`: use the `?` operator instead
[INFO] [stdout]   --> src/structs.rs:67:33
[INFO] [stdout]    |
[INFO] [stdout] 67 |                 container_type: try!(d.read_struct_field("type", 0, |d| Decodable::decode(d))),
[INFO] [stdout]    |                                 ^^^
[INFO] [stdout]    |
[INFO] [stdout]    = note: `#[warn(deprecated)]` on by default
[INFO] [stdout] 
[INFO] [stdout] 
[INFO] [stdout] error[E0425]: cannot find value `Application` in this scope
[INFO] [stdout]   --> src/client.rs:24:44
[INFO] [stdout]    |
[INFO] [stdout] 24 |         headers.set(Accept(vec![qitem(Mime(Application, Json, vec![]))]));
[INFO] [stdout]    |                                            ^^^^^^^^^^^ not found in this scope
[INFO] [stdout] 
[INFO] [stdout] 
[INFO] [stdout] warning: use of deprecated macro `try`: use the `?` operator instead
[INFO] [stdout]   --> src/structs.rs:68:26
[INFO] [stdout]    |
[INFO] [stdout] 68 |                 volumes: try!(d.read_struct_field("volumes", 1, |d| Decodable::decode(d))),
[INFO] [stdout]    |                          ^^^
[INFO] [stdout] 
[INFO] [stdout] 
[INFO] [stdout] error[E0425]: cannot find value `Json` in this scope
[INFO] [stdout]   --> src/client.rs:24:57
[INFO] [stdout]    |
[INFO] [stdout] 24 |         headers.set(Accept(vec![qitem(Mime(Application, Json, vec![]))]));
[INFO] [stdout]    |                                                         ^^^^ not found in this scope
[INFO] [stdout] 
[INFO] [stdout] 
[INFO] [stdout] warning: use of deprecated macro `try`: use the `?` operator instead
[INFO] [stdout]   --> src/structs.rs:69:27
[INFO] [stdout]    |
[INFO] [stdout] 69 |                 hostname: try!(d.read_struct_field("hostname", 2, |d| Decodable::decode(d))),
[INFO] [stdout]    |                           ^^^
[INFO] [stdout] 
[INFO] [stdout] 
[INFO] [stdout] warning: use of deprecated macro `try`: use the `?` operator instead
[INFO] [stdout]   --> src/structs.rs:70:25
[INFO] [stdout]    |
[INFO] [stdout] 70 |                 docker: try!(d.read_struct_field("docker", 3, |d| Decodable::decode(d))),
[INFO] [stdout]    |                         ^^^
[INFO] [stdout] 
[INFO] [stdout] 
[INFO] [stdout] error[E0425]: cannot find value `Application` in this scope
[INFO] [stdout]   --> src/client.rs:25:38
[INFO] [stdout]    |
[INFO] [stdout] 25 |         headers.set(ContentType(Mime(Application, Json, vec![])));
[INFO] [stdout]    |                                      ^^^^^^^^^^^ not found in this scope
[INFO] [stdout] 
[INFO] [stdout] 
[INFO] [stdout] warning: use of deprecated macro `try`: use the `?` operator instead
[INFO] [stdout]   --> src/structs.rs:79:11
[INFO] [stdout]    |
[INFO] [stdout] 79 |           try!(e.emit_struct_field("type", 0, |e| self.container_type.encode(e)));
[INFO] [stdout]    |           ^^^
[INFO] [stdout] 
[INFO] [stdout] 
[INFO] [stdout] warning: use of deprecated macro `try`: use the `?` operator instead
[INFO] [stdout]   --> src/structs.rs:80:11
[INFO] [stdout]    |
[INFO] [stdout] 80 |           try!(e.emit_struct_field("volumes", 1, |e| self.volumes.encode(e)));
[INFO] [stdout]    |           ^^^
[INFO] [stdout] 
[INFO] [stdout] 
[INFO] [stdout] error[E0425]: cannot find value `Json` in this scope
[INFO] [stdout]   --> src/client.rs:25:51
[INFO] [stdout]    |
[INFO] [stdout] 25 |         headers.set(ContentType(Mime(Application, Json, vec![])));
[INFO] [stdout]    |                                                   ^^^^ not found in this scope
[INFO] [stdout] 
[INFO] [stdout] 
[INFO] [stdout] warning: use of deprecated macro `try`: use the `?` operator instead
[INFO] [stdout]   --> src/structs.rs:81:11
[INFO] [stdout]    |
[INFO] [stdout] 81 |           try!(e.emit_struct_field("hostname", 2, |e| self.hostname.encode(e)));
[INFO] [stdout]    |           ^^^
[INFO] [stdout] 
[INFO] [stdout] 
[INFO] [stdout] warning: use of deprecated macro `try`: use the `?` operator instead
[INFO] [stdout]   --> src/structs.rs:82:11
[INFO] [stdout]    |
[INFO] [stdout] 82 |           try!(e.emit_struct_field("docker", 3, |e| self.docker.encode(e)));
[INFO] [stdout]    |           ^^^
[INFO] [stdout] 
[INFO] [stdout] 
[INFO] [stdout] warning: use of deprecated macro `try`: use the `?` operator instead
[INFO] [stdout]    --> src/structs.rs:108:25
[INFO] [stdout]     |
[INFO] [stdout] 108 |             let field = try!(d.read_seq_elt(0, |d| Decodable::decode(d)));
[INFO] [stdout]     |                         ^^^
[INFO] [stdout] 
[INFO] [stdout] 
[INFO] [stdout] warning: use of deprecated macro `try`: use the `?` operator instead
[INFO] [stdout]    --> src/structs.rs:109:28
[INFO] [stdout]     |
[INFO] [stdout] 109 |             let operator = try!(d.read_seq_elt(1, |d| Decodable::decode(d)));
[INFO] [stdout]     |                            ^^^
[INFO] [stdout] 
[INFO] [stdout] 
[INFO] [stdout] warning: use of deprecated macro `try`: use the `?` operator instead
[INFO] [stdout]    --> src/structs.rs:111:27
[INFO] [stdout]     |
[INFO] [stdout] 111 |                 3 => Some(try!(d.read_seq_elt(2, |d| Decodable::decode(d)))),
[INFO] [stdout]     |                           ^^^
[INFO] [stdout] 
[INFO] [stdout] 
[INFO] [stdout] warning: use of deprecated macro `try`: use the `?` operator instead
[INFO] [stdout]    --> src/structs.rs:126:13
[INFO] [stdout]     |
[INFO] [stdout] 126 |             try!(s.emit_seq_elt(0, |s| self.field.encode(s)));
[INFO] [stdout]     |             ^^^
[INFO] [stdout] 
[INFO] [stdout] 
[INFO] [stdout] warning: use of deprecated macro `try`: use the `?` operator instead
[INFO] [stdout]    --> src/structs.rs:127:13
[INFO] [stdout]     |
[INFO] [stdout] 127 |             try!(s.emit_seq_elt(1, |s| self.operator.encode(s)));
[INFO] [stdout]     |             ^^^
[INFO] [stdout] 
[INFO] [stdout] 
[INFO] [stdout] warning: use of deprecated macro `try`: use the `?` operator instead
[INFO] [stdout]    --> src/structs.rs:129:17
[INFO] [stdout]     |
[INFO] [stdout] 129 |                 try!(s.emit_seq_elt(2, |s| self.value.encode(s)));
[INFO] [stdout]     |                 ^^^
[INFO] [stdout] 
[INFO] [stdout] 
[INFO] [stdout] warning: use of deprecated macro `try`: use the `?` operator instead
[INFO] [stdout]   --> src/structs.rs:67:33
[INFO] [stdout]    |
[INFO] [stdout] 67 |                 container_type: try!(d.read_struct_field("type", 0, |d| Decodable::decode(d))),
[INFO] [stdout]    |                                 ^^^
[INFO] [stdout]    |
[INFO] [stdout]    = note: `#[warn(deprecated)]` on by default
[INFO] [stdout] 
[INFO] [stdout] 
[INFO] [stdout] warning: use of deprecated macro `try`: use the `?` operator instead
[INFO] [stdout]   --> src/structs.rs:68:26
[INFO] [stdout]    |
[INFO] [stdout] 68 |                 volumes: try!(d.read_struct_field("volumes", 1, |d| Decodable::decode(d))),
[INFO] [stdout]    |                          ^^^
[INFO] [stdout] 
[INFO] [stdout] 
[INFO] [stdout] warning: use of deprecated macro `try`: use the `?` operator instead
[INFO] [stdout]   --> src/structs.rs:69:27
[INFO] [stdout]    |
[INFO] [stdout] 69 |                 hostname: try!(d.read_struct_field("hostname", 2, |d| Decodable::decode(d))),
[INFO] [stdout]    |                           ^^^
[INFO] [stdout] 
[INFO] [stdout] 
[INFO] [stdout] warning: use of deprecated macro `try`: use the `?` operator instead
[INFO] [stdout]   --> src/structs.rs:70:25
[INFO] [stdout]    |
[INFO] [stdout] 70 |                 docker: try!(d.read_struct_field("docker", 3, |d| Decodable::decode(d))),
[INFO] [stdout]    |                         ^^^
[INFO] [stdout] 
[INFO] [stdout] 
[INFO] [stdout] warning: use of deprecated macro `try`: use the `?` operator instead
[INFO] [stdout]   --> src/structs.rs:79:11
[INFO] [stdout]    |
[INFO] [stdout] 79 |           try!(e.emit_struct_field("type", 0, |e| self.container_type.encode(e)));
[INFO] [stdout]    |           ^^^
[INFO] [stdout] 
[INFO] [stdout] 
[INFO] [stdout] warning: use of deprecated macro `try`: use the `?` operator instead
[INFO] [stdout]   --> src/structs.rs:80:11
[INFO] [stdout]    |
[INFO] [stdout] 80 |           try!(e.emit_struct_field("volumes", 1, |e| self.volumes.encode(e)));
[INFO] [stdout]    |           ^^^
[INFO] [stdout] 
[INFO] [stdout] 
[INFO] [stdout] warning: use of deprecated macro `try`: use the `?` operator instead
[INFO] [stdout]   --> src/structs.rs:81:11
[INFO] [stdout]    |
[INFO] [stdout] 81 |           try!(e.emit_struct_field("hostname", 2, |e| self.hostname.encode(e)));
[INFO] [stdout]    |           ^^^
[INFO] [stdout] 
[INFO] [stdout] 
[INFO] [stdout] warning: use of deprecated macro `try`: use the `?` operator instead
[INFO] [stdout]   --> src/structs.rs:82:11
[INFO] [stdout]    |
[INFO] [stdout] 82 |           try!(e.emit_struct_field("docker", 3, |e| self.docker.encode(e)));
[INFO] [stdout]    |           ^^^
[INFO] [stdout] 
[INFO] [stdout] 
[INFO] [stdout] warning: use of deprecated macro `try`: use the `?` operator instead
[INFO] [stdout]    --> src/structs.rs:108:25
[INFO] [stdout]     |
[INFO] [stdout] 108 |             let field = try!(d.read_seq_elt(0, |d| Decodable::decode(d)));
[INFO] [stdout]     |                         ^^^
[INFO] [stdout] 
[INFO] [stdout] 
[INFO] [stdout] warning: use of deprecated macro `try`: use the `?` operator instead
[INFO] [stdout]    --> src/structs.rs:109:28
[INFO] [stdout]     |
[INFO] [stdout] 109 |             let operator = try!(d.read_seq_elt(1, |d| Decodable::decode(d)));
[INFO] [stdout]     |                            ^^^
[INFO] [stdout] 
[INFO] [stdout] 
[INFO] [stdout] warning: use of deprecated macro `try`: use the `?` operator instead
[INFO] [stdout]    --> src/structs.rs:111:27
[INFO] [stdout]     |
[INFO] [stdout] 111 |                 3 => Some(try!(d.read_seq_elt(2, |d| Decodable::decode(d)))),
[INFO] [stdout]     |                           ^^^
[INFO] [stdout] 
[INFO] [stdout] 
[INFO] [stdout] warning: use of deprecated macro `try`: use the `?` operator instead
[INFO] [stdout]    --> src/structs.rs:126:13
[INFO] [stdout]     |
[INFO] [stdout] 126 |             try!(s.emit_seq_elt(0, |s| self.field.encode(s)));
[INFO] [stdout]     |             ^^^
[INFO] [stdout] 
[INFO] [stdout] 
[INFO] [stdout] warning: use of deprecated macro `try`: use the `?` operator instead
[INFO] [stdout]    --> src/structs.rs:127:13
[INFO] [stdout]     |
[INFO] [stdout] 127 |             try!(s.emit_seq_elt(1, |s| self.operator.encode(s)));
[INFO] [stdout]     |             ^^^
[INFO] [stdout] 
[INFO] [stdout] 
[INFO] [stdout] warning: use of deprecated macro `try`: use the `?` operator instead
[INFO] [stdout]    --> src/structs.rs:129:17
[INFO] [stdout]     |
[INFO] [stdout] 129 |                 try!(s.emit_seq_elt(2, |s| self.value.encode(s)));
[INFO] [stdout]     |                 ^^^
[INFO] [stdout] 
[INFO] [stdout] 
[INFO] [stdout] error[E0061]: this function takes 1 argument but 2 arguments were supplied
[INFO] [stdout]   --> src/client.rs:58:14
[INFO] [stdout]    |
[INFO] [stdout] 58 |             .request(method.parse::<Method>().unwrap(), &url.to_string()[..])
[INFO] [stdout]    |              ^^^^^^^ ---------------------------------  -------------------- supplied 2 arguments
[INFO] [stdout]    |              |
[INFO] [stdout]    |              expected 1 argument
[INFO] [stdout] 
[INFO] [stdout] 
[INFO] [stdout] error[E0061]: this function takes 1 argument but 2 arguments were supplied
[INFO] [stdout]   --> src/client.rs:58:14
[INFO] [stdout]    |
[INFO] [stdout] 58 |             .request(method.parse::<Method>().unwrap(), &url.to_string()[..])
[INFO] [stdout]    |              ^^^^^^^ ---------------------------------  -------------------- supplied 2 arguments
[INFO] [stdout]    |              |
[INFO] [stdout]    |              expected 1 argument
[INFO] [stdout] 
[INFO] [stdout] 
[INFO] [stdout] error[E0599]: no method named `headers` found for struct `hyper::client::ResponseFuture` in the current scope
[INFO] [stdout]   --> src/client.rs:59:14
[INFO] [stdout]    |
[INFO] [stdout] 59 |             .headers(self.headers)
[INFO] [stdout]    |              ^^^^^^^ method not found in `hyper::client::ResponseFuture`
[INFO] [stdout] 
[INFO] [stdout] 
[INFO] [stdout] error[E0599]: no method named `headers` found for struct `hyper::client::ResponseFuture` in the current scope
[INFO] [stdout]   --> src/client.rs:59:14
[INFO] [stdout]    |
[INFO] [stdout] 59 |             .headers(self.headers)
[INFO] [stdout]    |              ^^^^^^^ method not found in `hyper::client::ResponseFuture`
[INFO] [stdout] 
[INFO] [stdout] 
[INFO] [stdout] warning: unused import: `std::io::Read`
[INFO] [stdout]   --> src/client.rs:11:5
[INFO] [stdout]    |
[INFO] [stdout] 11 | use std::io::Read;
[INFO] [stdout]    |     ^^^^^^^^^^^^^
[INFO] [stdout]    |
[INFO] [stdout]    = note: `#[warn(unused_imports)]` on by default
[INFO] [stdout] 
[INFO] [stdout] 
[INFO] [stdout] error: aborting due to 12 previous errors; 15 warnings emitted
[INFO] [stdout] 
[INFO] [stdout] 
[INFO] [stdout] Some errors have detailed explanations: E0061, E0425, E0432, E0433, E0599.
[INFO] [stdout] 
[INFO] [stdout] For more information about an error, try `rustc --explain E0061`.
[INFO] [stdout] 
[INFO] [stderr] error: could not compile `rarathon`.
[INFO] [stderr] 
[INFO] [stderr] To learn more, run the command again with --verbose.
[INFO] [stderr] warning: build failed, waiting for other jobs to finish...
[INFO] [stdout] warning: unused import: `std::io::Read`
[INFO] [stdout]   --> src/client.rs:11:5
[INFO] [stdout]    |
[INFO] [stdout] 11 | use std::io::Read;
[INFO] [stdout]    |     ^^^^^^^^^^^^^
[INFO] [stdout]    |
[INFO] [stdout]    = note: `#[warn(unused_imports)]` on by default
[INFO] [stdout] 
[INFO] [stdout] 
[INFO] [stdout] error: aborting due to 12 previous errors; 15 warnings emitted
[INFO] [stdout] 
[INFO] [stdout] 
[INFO] [stdout] Some errors have detailed explanations: E0061, E0425, E0432, E0433, E0599.
[INFO] [stdout] 
[INFO] [stdout] For more information about an error, try `rustc --explain E0061`.
[INFO] [stdout] 
[INFO] [stderr] error: build failed
[INFO] running `Command { std: "docker" "inspect" "6d86bd046c9d1510e0649a6666b911563d87d16c96ad76520931a7a2567b0548", kill_on_drop: false }`
[INFO] running `Command { std: "docker" "rm" "-f" "6d86bd046c9d1510e0649a6666b911563d87d16c96ad76520931a7a2567b0548", kill_on_drop: false }`
[INFO] [stdout] 6d86bd046c9d1510e0649a6666b911563d87d16c96ad76520931a7a2567b0548
